ist the prime factors of j(2).
2, 5, 19
Suppose -5*x = -10, 2*x = u - x - 80. Suppose -k = k - u. What are the prime factors of k?
43
Let a(i) be the third derivative of i**6/120 + i**5/15 - i**4/24 - 2*i**3/3 + i**2. Let d be a(-4). Suppose k + k - 8 = d. List the prime factors of k.
2
Let w = -211 - -285. What are the prime factors of w?
2, 37
Let y(k) = k**2 - 3*k - 2. Let f be y(4). Suppose 0 = f*i + 4, 0*i + 76 = 3*t + i. What are the prime factors of t?
2, 13
Suppose 11 = 3*h - 7. Let z(k) = -3*k - 3. Let d(x) = 12*x + 12. Let j(s) = -2*d(s) - 9*z(s). List the prime factors of j(h).
3, 7
Let q(n) = n**2 - 3*n + 1. Let t be q(4). Suppose 4*b = 2*f - 46, -2*b - 70 - 5 = -t*f. Let u = -4 + f. What are the prime factors of u?
3
Let r be 2/(2 + 2)*-6. Let k be -2 - (r + (-12 - 2)). Suppose -5*z = -k, 2*p + z - 4 = 19. What are the prime factors of p?
2, 5
Let n(k) = -k**3 - 6*k**2 + 6*k - 8. Let t be n(-7). Let y = 12 + t. List the prime factors of y.
11
What are the prime factors of ((-18)/(-27))/((-1)/(-69))?
2, 23
Let l = 39 - 48. Suppose -a = -2*h - 36, 0*h - 2*h + 114 = 4*a. Let m = l + a. List the prime factors of m.
3, 7
Suppose -6*t = -t + 35. Let f(u) = u**2 + 8*u + 9. Let m be f(t). Suppose -5 = -m*d + d. What are the prime factors of d?
5
Let p(y) = -y**2 - 8*y - 6. Let f be p(-8). Let t = f - 0. Let l = 12 + t. What are the prime factors of l?
2, 3
Let y = 273 + 61. List the prime factors of y.
2, 167
Let a(x) = -3*x**2 + 4*x - 3. Let b be a(2). Let v = b + 11. Suppose -2*f = -4*f - 2*k + 6, -2*k = -v*f + 30. What are the prime factors of f?
2, 3
Let w(y) = y**3 + 14*y**2 + 11*y - 17. List the prime factors of w(-12).
139
List the prime factors of 12*6/(-12)*2/(-6).
2
Let f(a) = a**2 + 6*a + 19. What are the prime factors of f(-11)?
2, 37
Let u(v) = -2*v**3 - 5*v**2 + 2*v + 12. What are the prime factors of u(-5)?
127
Let d = -8 - -10. Suppose 3*q - 28 = -i, d*q - 3*i - 15 = -0*i. Suppose 5*l - 1 = q. List the prime factors of l.
2
Suppose -2*h + 5*p = -142, h = 3*h - 2*p - 154. What are the prime factors of h?
3
Suppose -3 = -s - 2*c, c + 0 = -2. Let y = s - 4. List the prime factors of y.
3
Let n be (3 + -19)*(-2 + 3). List the prime factors of (n/(-6))/((-6)/(-27)).
2, 3
List the prime factors of (-3 + 6)*42/9.
2, 7
Let a(o) = 2*o + 4*o**2 - o**2 - 2*o**2 + 6. List the prime factors of a(4).
2, 3, 5
Suppose 2*y = 5*n - 331, -3*n - y + 22 = -181. List the prime factors of n.
67
Suppose -5*w + 638 = 2*i, -2*w + 3*i = 3*w - 618. List the prime factors of w.
2, 3, 7
Let k(q) = 65*q**2 - 9*q - 15. What are the prime factors of k(-2)?
263
Let t = -10 + 6. Let k = t + 7. What are the prime factors of ((-2)/k)/(6/(-45))?
5
Let h be ((-6)/(-4))/((-9)/(-18)). Suppose 4*o = 3*g + 136, 38 = -3*o + h*g + 143. List the prime factors of o.
31
Let d = 0 - 0. Let y(c) = 2*c**3 + 1. Let x be y(2). Let f = d + x. What are the prime factors of f?
17
Let z(r) = -51*r**3 - 4*r**2 - 5*r - 2. What are the prime factors of z(-1)?
2, 5
Let l = 1 - -4. Suppose -l*x + x + 80 = 0. Suppose -h - 5 = -x. What are the prime factors of h?
3, 5
What are the prime factors of -1 + 70 - 13/((-52)/(-16))?
5, 13
Let j(i) = 2*i**2 - 8*i + 4. Suppose -5*p = 7 - 32. List the prime factors of j(p).
2, 7
Let y = 0 + 6. What are the prime factors of y?
2, 3
Let y be (-49 + -3 + 4)/1. Let u be (4/(-6))/(8/y). List the prime factors of (u/(-5))/((-1)/5).
2
Suppose 56 = 4*n - 0*n. Suppose -v + n = 2*w, -17 = -v + w - 2*w. Suppose v = 4*l, -2*l = 2*j + 3*l - 29. What are the prime factors of j?
2
Let a be 32/18 + (-6)/(-27). Suppose 21 - 77 = -a*l. What are the prime factors of l?
2, 7
Let v(l) = -2*l + 3. Suppose -5*y + 4*t - 63 = 0, -4*y - 3*t - 25 = 13. List the prime factors of v(y).
5
Let u(k) = -2*k + 8. Let s be u(7). Let c(x) be the second derivative of x**5/20 + 5*x**4/12 - 7*x**3/6 + 5*x. What are the prime factors of c(s)?
2, 3
Suppose 2*l = -3*u - 26, 0 = 2*u - 4*u - 5*l - 32. List the prime factors of 2*3 - (-5 - u).
5
Let t = 191 - 35. List the prime factors of t.
2, 3, 13
Let y(o) = 2*o**3 - 4*o**2 - 3. List the prime factors of y(3).
3, 5
Let w = 13 + -4. Suppose -z - 9 = -4*z + 3*i, -w = -z - 2*i. List the prime factors of z.
5
Suppose 5*a = 3*y - 4, -3*y + 2*y = -2*a. Suppose -56 + y = 4*c. List the prime factors of 21/2*(-8)/c.
7
Suppose 12 = 4*m, -4*s - 4*m + 139 = -249. What are the prime factors of s?
2, 47
List the prime factors of 4/(-12)*-2*60.
2, 5
Suppose -93 = -4*l + 19. What are the prime factors of l?
2, 7
Let c(l) = 2*l + 3. Let i be c(-3). What are the prime factors of (i + (-27)/(-6))*18?
3
Let x(s) = s**2 + 3*s + 6. List the prime factors of x(5).
2, 23
Let h be (-7 - -8)*(-4)/(-2). Suppose 5*k - 9 = -2*x, h*x + k = -0*x - 3. What are the prime factors of 75/5 - x/1?
2, 3
Let h(k) = -k**3 - 19*k**2 - 22*k - 24. List the prime factors of h(-18).
2, 3
Let b be 27/6*(-4)/(-3). Let a = b + 0. Suppose -a*h + h = -10. What are the prime factors of h?
2
Let a = -26 - -33. List the prime factors of a.
7
Suppose 3*g - 2*g = 64. What are the prime factors of (g/6)/(4/6)?
2
Let y be -1 + (-3 - -1) + 14. Let o = y + -7. Suppose -3*p + o = -44. What are the prime factors of p?
2
Let a = 13 + -8. Suppose 0 = -a*h + b + 7, h + 4 = 2*b - 0. Suppose 2*k - 5*y - 45 = 0, -h*k = -0*y - y - 25. List the prime factors of k.
2, 5
Let b(j) = -j**2 - 4. Let m be b(-3). Let y = m - -33. What are the prime factors of y?
2, 5
Suppose -k = 2*m + 1, 2*k + 3*k + 25 = 0. Let o(q) = -m - 12*q - q**2 - 5 - 1 + q. What are the prime factors of o(-9)?
2, 5
Let o(r) = -r**2 - 12*r + 9. Let g(n) = n**2 + 11*n - 2. Let c be g(-10). What are the prime factors of o(c)?
3
Let l = 483 + -323. What are the prime factors of l?
2, 5
Let p = 1 + 25. List the prime factors of p.
2, 13
Let w = -52 - -118. What are the prime factors of w?
2, 3, 11
What are the prime factors of ((-3)/2 - -1)/((-2)/404)?
101
Let g be 4 + -5 + 3 + 0. Suppose -2*k = -g*p + 18, 4 - 7 = 3*p + 3*k. What are the prime factors of (-57)/(-12) - 3/p?
2
Let i = 251 + -146. Suppose 6*g - i = g. Suppose 5*p - g = -4*d, 2*p - 1 = 1. What are the prime factors of d?
2
Let c = -31 - -146. List the prime factors of c.
5, 23
Let j be -1 - -2 - 0 - 1. Let s be 6/(-2)*(-2)/3. Suppose p - 3*x - 1 + 4 = j, 0 = -x + s. What are the prime factors of p?
3
Suppose 2*k = -n + 127, 8*k - 10*k - 468 = -4*n. List the prime factors of n.
7, 17
Let l = -6 - -8. Suppose -l*c = 3*c - 5. List the prime factors of 72/10 - c/5.
7
Let i(c) = -c**2 - 7*c - 2. Let b(s) = -s**3 + s**2 + s - 1. Let v(z) = -z**3 + 5*z**2 - z + 7. Let o be v(5). Let a be b(o). List the prime factors of i(a).
2, 5
Let m = 1 - -6. List the prime factors of m.
7
Suppose 5*o - 810 = 2*o. List the prime factors of o.
2, 3, 5
Suppose -3*r = -2*r - 54. What are the prime factors of r?
2, 3
Let u(y) = -y**3 + 5*y**2 + 3*y**2 + y**2 - 2*y + 12. Let q be u(8). Suppose 2*x - 4*j - 10 = x, -4*x - 4*j = -q. What are the prime factors of x?
2, 7
Suppose 0 = -2*j - 0*j + 18. Suppose 30 = x - j. List the prime factors of x.
3, 13
Let r = -2 + 4. Suppose -r*a + 0*a = 0, -4*b = -5*a - 20. Suppose 15 = -m - b*u, 2*m - 25 = -m - u. List the prime factors of m.
2, 5
Let c = 13 - 3. List the prime factors of c.
2, 5
Let d = -63 - -124. Suppose 5*b - 104 = d. List the prime factors of b.
3, 11
Suppose 2*a - 4*s - s - 34 = 0, 0 = 4*a + 2*s - 92. What are the prime factors of a?
2, 11
Suppose -65*d + 62*d + 705 = 0. List the prime factors of d.
5, 47
Let u = 52 - 28. Let c be 20/(-3)*u/(-10). Let w = c + 6. What are the prime factors of w?
2, 11
Let b = 9 - 9. Let h(f) = -f**2 - f + 24. What are the prime factors of h(b)?
2, 3
Suppose 226 = -5*y - 4*c + 1268, y - 216 = 3*c. What are the prime factors of y?
2, 3, 5, 7
Suppose -2*v + s = 4*s - 90, 3*s = v - 63. What are the prime factors of v?
3, 17
List the prime factors of (-996)/(-6)*(-2)/(-4).
83
Suppose q + 4*q = 35. What are the prime factors of q?
7
What are the prime factors of 52 - 0/(1 + 3)?
2, 13
Suppose -27*i = -31*i + 408. List the prime factors of i.
2, 3, 17
Let b = 71 + -25. List the prime factors of b.
2, 23
Suppose 5*w + 73 = 538. What are the prime factors of w?
3, 31
Suppose c - 493 = -4*b, 2*c - 174 = -b - 56. Suppose -2